alculate (0 - 0 - 0) + 3 + -37 + 24.
-10
What is 18 + -10 - 37 - -19?
-10
What is the value of 10 + -29 - (-2 - (1 + 2 + -1))?
-15
Calculate (-2 - -1) + (14 - 7 - 0).
6
Calculate 25 + -1 + (-61 - -21).
-16
What is 0 + (-2 - (-11 - 1))?
10
Calculate -16 + -4 - ((14 - 6 - 4) + -10).
-14
Calculate 1 + 19 + (-16 - -9) + -6 + -9.
-2
Calculate (-3 - 7 - (-3 + 0)) + -90 + 90.
-7
Calculate 89 - 82 - (16 + (-1 - 0)).
-8
Calculate -3 + (2 - (7 - 3)).
-5
29 + 2 - (-61 - -29 - -52)
11
What is the value of 10 + (-7 - (-12 + -5)) + -33?
-13
Calculate -20 - ((11 - (14 + 0)) + 1 + 6).
-24
Evaluate (-22 + 11 - -2 - -6) + 1 - 7.
-9
What is the value of 4 + (3 - 6 - 9) + 13?
5
What is the value of 18 + 10 + (-20 - 1)?
7
Evaluate -48 + 33 + 18 + -1 + 4.
6
What is the value of (-26 - -28) + 0 + (7 - (0 - -3))?
6
What is (21 - 41) + (2 - 4 - -2) - -8?
-12
What is 8 - (8 - (-6 - -3 - (-1 - 4)))?
2
Evaluate -1 + -7 + (1 - -9) + -1.
1
What is the value of 13 + (-7 + -10 + 7 - (2 - 10))?
11
31 + (0 - (-7 + 12)) + (0 - 10)
16
What is -15 - (-5 + -2 - (-2 + 1)) - 10?
-19
Evaluate (-7 - (-5 + -1 - 3)) + -14.
-12
Calculate (39 - 14) + -13 + 1 + -29.
-16
Calculate -1 + (-5 - 0 - -2).
-4
What is the value of 7 + -9 - (1 - (3 + 1 - 2))?
-1
Calculate -7 + -13 + 25 - (8 + 2).
-5
13 - (-6 + (-4 - -9))
14
What is the value of 2 + -9 + -2 + 9 + -16?
-16
What is (-1 - -2) + -5 + (1 - -2 - 3)?
-4
-1 + 17 + -23 + -9
-16
Evaluate -10 - -11 - (24 + -10).
-13
What is 6 + (9 - (0 - -7)) + -1?
7
What is the value of 27 - 27 - (33 - 15)?
-18
What is 28 - 0 - (-9 - (-9 + -19 + 14))?
23
What is the value of 3 - (12 + -3) - (-10 + (2 - -25))?
-23
Calculate 50 - 38 - (-3 + 3 + 1).
11
Evaluate 19 + 25 + -80 + 24.
-12
11 + -13 + -6 + 3
-5
What is the value of -2 + -1 - (110 - 96) - 0?
-17
What is the value of 1 + 20 + 4 - (3 - (-1 - -5))?
26
11 + -6 + -7 + 3
1
-5 + (3 - 3 - -14)
9
2 - 3 - (-8 + 6 + 9)
-8
Evaluate -17 - (1 + -2 + 7 + -9 + -3).
-11
Evaluate -3 - (-15 - (-2 + (-4 - (-6 - -4)))).
8
Calculate 10 + (-10 - -12) + -6.
6
What is the value of (52 + -39 - -7) + -35?
-15
Calculate 32 + (-13 + 9 - 14).
14
(-5 + -2 - -3) + (-1 - 4) + -22
-31
Calculate -14 - ((-8 - -5) + -5).
-6
Evaluate 31 - (59 + -23 + 2).
-7
What is -23 + 15 + 11 - -32?
35
Evaluate (-20 - -36) + -14 + 2 + 3.
7
Evaluate (7 + 12 - (8 + -3)) + -8.
6
Evaluate -18 - 1 - (56 + -69) - -11.
5
What is -5481 - -5498 - (0 - (-1 + 8))?
24
What is 3 + (17 - 32 - -18)?
6
What is the value of 42 + -38 + 2 + -34?
-28
Calculate 4 + (-7 - -8 - 7) + 7.
5
What is 43 - ((-13 - 16) + 34)?
38
Calculate -56 - -60 - ((3 - -2) + 5).
-6
Calculate 2 + (-21 - -20) + -10.
-9
((44 - (7 + -11)) + -9 - 6) + -12
21
What is 4 + -24 + -14 - (0 - -2)?
-36
What is the value of -22 + 16 + 18 - 27?
-15
What is -13 - (-17 + (-4 - -13))?
-5
Calculate 10 - (-4 - (-4 - (-2 - 0))) - -3.
15
17 + -83 + 25 + 31
-10
Calculate -12 - (-9 + (19 - 43)).
21
Evaluate -26 + 8 + 114 + -71.
25
Evaluate 0 + 12 + 9 + -11.
10
What is 1 - (-28 + -9) - (11 - 2)?
29
What is -10 + -3 + 11 - 1?
-3
What is the value of -1 - (-25 - (0 + -9))?
15
What is 0 + (-23 + 10 + 8 - (-3 - -26))?
-28
Evaluate (0 + 2 - (-11 - (-4 + -4))) + 0.
5
Evaluate -11 + (-95 - -97) + -1 + 0.
-10
Calculate -29 + -18 + 5 + 16.
-26
What is -2 - -10 - (-60 - -71) - (-8 - 1)?
6
Calculate 4 - (12 - ((10 - 21 - -18) + -1)).
-2
What is 27 + -37 + 23 + -24?
-11
-2 + (1 - 2) - (32 - 35) - -11
11
Evaluate (558 - 571) + (1 - 10).
-22
Evaluate -12 + 30 - 14 - (31 - (2 - 0)).
-25
Evaluate (102 - 108) + -9 + 2.
-13
What is 2 + -3 + 3 + (23 - 107 - -59)?
-23
19 + 37 + -25 + -11
20
What is 10 + 27 + -23 + -31?
-17
Evaluate -3 - ((-1 - -3) + 32 + -39).
2
What is 11 + 1 + -9 + 4?
7
-2 + 8 - (11 + -4)
-1
Evaluate -12 - -2 - (-9 + (-1 - -24)) - -8.
-16
(111 - 125) + -2 + 1
-15
(4 + -2 - 18) + (2 - 10)
-24
What is 1 - 1 - (-18 + 8 + 5) - -8?
13
What is 4 - (-12 + 8 + 11 + (3 - 4))?
-2
Evaluate 1 + (22 - ((-13 - -8) + 3 - 7)).
32
-47 + 15 + 32 + (-2 - 1)
-3
-1 + (-5 - (4 - -1 - 2))
-9
What is 537 + -524 + (-28 - 0)?
-15
Evaluate (-160 - -184) + 3 + -1.
26
What is (0 - 1) + 3 + (-9 - -12)?
5
0 - 4 - (15 + (-34 - -10)) - 1
4
Evaluate (-21 - -5) + 12 + 1.
-3
What is the value of (-9 - (-27 + 6)) + (4 - 20)?
-4
Calculate 24 - (-1 + -2 - (140 - 151)).
16
What is the value of (-20 - 0 - -2) + 453 + -440?
-5
What is the value of (0 - 0) + 252 + -263?
-11
Evaluate 30 + -46 + -5 - -36.
15
Evaluate (11 - (20 - (4 + 8))) + (-15 - -1).
-11
30 - (76 + -5) - -17
-24
What is (-15 - 0) + 7 - (-16 + 3)?
5
Evaluate 5 + 6 + -4 + 1 + 0 + -11.
-3
What is the value of (2 - 6) + -17 + 13?
-8
Calculate (70 - 79) + 17 + 0.
8
What is -3 - (-1 + 1 - (23 - 20) - -10)?
-10
Evaluate (-7 - 1 - (-3 - 0)) + (9 - -2).
6
Evaluate (2 - -19) + (31 + -23 + 18 - 19).
28
What is 14 - ((0 - -11) + 2 + -2)?
3
What is (1 - -10) + (6 + -12 - -6)?
11
Evaluate 18 + -22 + -3 + 17.
10
What is (-21 - (-24 + 14)) + 15 - (12 + 0)?
-8
What is (-27 - -14) + 11 + (6 - 2) + 5?
7
Calculate -34 - -32 - -3 - -9.
10
Evaluate 2 + (2 + -2 + 8 + -2 - 5).
3
What is the value of -11 + 4 + -5 + (5 - -3)?
-4
1 + -1 + 12 + -1 + 10 + -14
7
What is the value of (-3 + -2 - (7 + -12)) + (5 - -1)?
6
Evaluate (8 + -17 + 5 - (0 + 0)) + 0.
-4
Evaluate 8 + 12 + (-30 - 3).
-13
Evaluate 5 - (3 + (-3 - -8)).
-3
What is -3 + 12 + 0 + 135 + -126?
18
What is the value of (16 - 13 - -2 - (7 + -1)) + -13?
-14
What is 6 + (-1 - -43 - 15) + -16?
17
39 + 2 + (35 - 69)
7
What is 6 - (61 + -60 - (-15 + -1))?
-11
What is the value of -13 + -27 + 7 + 34?
1
Evaluate 0 - (0 - ((-4 - -4 - 1) + -5)).
-6
Calculate 1 + -7 + 39 + -40.
-7
What is the value of 5 + (0 + -7 - -7)?
5
Evaluate 2 - 1 - -21 - ((-17 - -15) + 10).
14
7 + (12 + -5 + -14 - -3)
3
What is the value of 9 - (0 + -4 + -183 + 193)?
3
-136 + 132 - (3 + (3 - 1) + -3)
-6
Evaluate (2 - 2 - 0) + (-11 - (-7 - 10)).
6
Calculate (-7 - -4) + (0 - 6) + 21 + -20.
-8
Evaluate 3 + (-2 - -5) + (14 - 8 - 10).
2
What is 43 - 36 - (-3 + 14)?
-4
What is the value of -6 + (-30 - (-22 - -1))?
-15
Calculate 17 + (2 - (-21 + 20)).
20
What is the value of (7 - (4 - (8 - 16))) + 9?
4
Calculate 49 + 1 - (-4 + (21 - -1)).
32
Evaluate 21 - (24 + 12 - -12).
-27
What is -3 + -1 + -2 + 0 - (113 + -107)?
-12
(6 - (3 + -2 + 10)) + 2
-3
What is the value of (5 - 16 - -8) + 9?
6
(4 - (11 + 4 + -8)) + (2 - 1)
-2
Evaluate (5 - 13) + 4 + -6 + 5.
-5
What is (-1 + 1 - 0) + -7 + 13?
6
What is the value of 17 - (11 + -13) - 4?
15
-6 - (1 + 0) - (-6 + 9)
-10
Calculate -3 + (-9 - -9) + (-4 - (-3 + 0)).
-4
What is -3 - (15 - -4 - 14) - 2?
-10
What is (-18 - -10 - 2) + 2 + -11?
-19
-28 - 8 - (-8 - 49)
21
Calculate 2 + (-1 - (-1 + -1)) + 625 + -617.
11
What is -3 + -9 - -15 - (-3 - -3)?
3
What is the value of -39 + 80 + 17 + -53?
5
-25 - 5 - -42 - (-1 + 3)
10
-13 - -6 - 4 - (0 - 24)
13
Calculate 89 + -73 - (-1 - (-4 + 3)).
16
What is (4 - 1) + (9 + -5 - 0) + 3?
10
What is the value of (29 - 28) + -3 + 1 - (27 - 23)?
-5
What is -16 + 13 + (-25 - -3)?
-25
3 + (2 - 2) - -11 - 15
-1
Evaluate 13 + (5 - (9 + -4 - -2)).
11
Evaluate (13 - 7 - -2) + -17 - (-2 - -4).
-11
What is -17 - (-2 + -2 + -12)?
-1
Calculate -4 - (-256 + 262 - (12 - (-2 - -1))).
3
Calculate -14 - (23 + -17 - 25) - -27.
32
0 + 5 - (51 + -45 - (-2 - -4))
1
-17 - -26 - -4 - (4 + -2 + -2)
13
What is 43 + (5 + 7 - 35)?
20
Calculate 7 + -15 + -4 + 4.
-8
What is the value of -1 + 6 - (8 - 0) - -4?
1
What is the value of -6 + (3 - (4 - 7)) + -7?
-7
Calculate 104 + -88 - (1 + 23).
-8
What is -2 - -12 - (-6 + (-22 - -35))?
3
3 + (1 - 10) + (15 - 12 - 12)
-15
Calculate -8 + (-8 - (-3 + 16 - 1) - 5).
-33
What is -33 - (23 - (-30 - -78))?
-8
Evaluate (-5 + 14 + -9 - 3) + 15 + -7.
5
What is 15 - (-83 + 81 - (0 + -10))?
7
What is the value of 11 + (18 - 4 - (3 + 8))?
14
Calculate 33 + (6 - 4 - (1 + 7)) - 8.
19
(-12 - -2) + (3 - -9) - (1 - -7)
-6
-409 + 395 - ((-3 - -21) + 3)
-35
What is 7 - (9 - (-7 + 8))?
-1
Evaluate -1 - (13 + (10 - 16)).
-8
Evaluate (-2 - -7) + (-21 + 5 - -8).
-3
What is the value of (-10 - (-1 - -10)) + 5?
-14
Calculate 9 + (5 - 17) + -2 + (-1 - -1).
-5
Evaluate (-9 - (-23 + 2)) + (-27 - -2).
-13
Calculate 9 + (-1 - 10) + 15 + -22.
-9
Calculate 17 + -11 + -3 + 18 + 7.
28
Calculate 6 - (-2 - 2 - (139 + -134)).
15
Calculate 1 + 0 + -1 + 0 